{"id":94,"date":"2025-04-08T13:58:55","date_gmt":"2025-04-08T11:58:55","guid":{"rendered":"https:\/\/avade.es\/?page_id=94"},"modified":"2025-04-08T14:20:49","modified_gmt":"2025-04-08T12:20:49","slug":"aplicaciones","status":"publish","type":"page","link":"https:\/\/avade.es\/index.php\/aplicaciones\/","title":{"rendered":"Aplicaciones"},"content":{"rendered":"<h2 class=\"\" data-start=\"217\" data-end=\"268\">\ud83d\ude9a Aplicaci\u00f3n de Reparto \u2013 Avade Delivery WebApp<\/h2>\n<p class=\"\" data-start=\"270\" data-end=\"609\">En <strong data-start=\"273\" data-end=\"282\">Avade<\/strong> desarrollamos soluciones digitales reales, pensadas para mejorar procesos en negocios que necesitan agilidad y control. Nuestra primera aplicaci\u00f3n disponible es un <strong data-start=\"447\" data-end=\"485\">sistema de reparto de \u00faltima milla<\/strong>, ideal para restaurantes, tiendas, dark kitchens o cualquier empresa que quiera gestionar env\u00edos propios con control total.<\/p>\n<p data-start=\"270\" data-end=\"609\"><img loading=\"lazy\" decoding=\"async\" class=\"alignnone wp-image-98\" src=\"http:\/\/avade.es\/wp-content\/uploads\/2025\/04\/Screenshot-from-2025-04-08-14-19-48-300x300.png\" alt=\"\" width=\"375\" height=\"375\" \/><\/p>\n<p class=\"\" data-start=\"611\" data-end=\"749\">Esta <strong data-start=\"616\" data-end=\"627\">Web-App<\/strong> funciona desde cualquier dispositivo: PC, TPV, tablet o m\u00f3vil, sin necesidad de instalaci\u00f3n. Solo necesitas un navegador.<\/p>\n<hr class=\"\" data-start=\"751\" data-end=\"754\" \/>\n<h3 class=\"\" data-start=\"756\" data-end=\"778\">\ud83d\udd01 \u00bfC\u00f3mo funciona?<\/h3>\n<p class=\"\" data-start=\"780\" data-end=\"857\">Nuestra app se compone de tres perfiles principales que trabajan en conjunto:<\/p>\n<hr class=\"\" data-start=\"859\" data-end=\"862\" \/>\n<h3 class=\"\" data-start=\"864\" data-end=\"892\">\ud83e\uddd1\u200d\ud83c\udf73 Cliente \/ Comercio<\/h3>\n<p class=\"\" data-start=\"894\" data-end=\"962\">Desde esta interfaz, el negocio (por ejemplo, un restaurante) puede:<\/p>\n<ul data-start=\"964\" data-end=\"1169\">\n<li class=\"\" data-start=\"964\" data-end=\"1016\">\n<p class=\"\" data-start=\"966\" data-end=\"1016\">Solicitar repartidores de forma r\u00e1pida y sencilla.<\/p>\n<\/li>\n<li class=\"\" data-start=\"1017\" data-end=\"1062\">\n<p class=\"\" data-start=\"1019\" data-end=\"1062\">Ver el estado de sus env\u00edos en tiempo real.<\/p>\n<\/li>\n<li class=\"\" data-start=\"1063\" data-end=\"1110\">\n<p class=\"\" data-start=\"1065\" data-end=\"1110\">Consultar entregas anteriores y estad\u00edsticas.<\/p>\n<\/li>\n<li class=\"\" data-start=\"1111\" data-end=\"1169\">\n<p class=\"\" data-start=\"1113\" data-end=\"1169\">Acceder desde un TPV, un port\u00e1til o cualquier navegador.<\/p>\n<\/li>\n<\/ul>\n<hr class=\"\" data-start=\"1171\" data-end=\"1174\" \/>\n<h3 class=\"\" data-start=\"1176\" data-end=\"1210\">\ud83e\uddd1\u200d\ud83d\udcbb Operador \/ Administrador<\/h3>\n<p class=\"\" data-start=\"1212\" data-end=\"1267\">El coraz\u00f3n del sistema. Este perfil es el encargado de:<\/p>\n<ul data-start=\"1269\" data-end=\"1477\">\n<li class=\"\" data-start=\"1269\" data-end=\"1309\">\n<p class=\"\" data-start=\"1271\" data-end=\"1309\">Gestionar todos los env\u00edos que entran.<\/p>\n<\/li>\n<li class=\"\" data-start=\"1310\" data-end=\"1359\">\n<p class=\"\" data-start=\"1312\" data-end=\"1359\">Asignar repartidores disponibles a cada pedido.<\/p>\n<\/li>\n<li class=\"\" data-start=\"1360\" data-end=\"1412\">\n<p class=\"\" data-start=\"1362\" data-end=\"1412\">Monitorear el estado de los env\u00edos en tiempo real.<\/p>\n<\/li>\n<li class=\"\" data-start=\"1413\" data-end=\"1477\">\n<p class=\"\" data-start=\"1415\" data-end=\"1477\">Controlar y administrar clientes, repartidores y estad\u00edsticas.<\/p>\n<\/li>\n<\/ul>\n<p class=\"\" data-start=\"1479\" data-end=\"1553\">Ideal para una oficina central o desde casa, usando solo un PC o port\u00e1til.<\/p>\n<hr class=\"\" data-start=\"1555\" data-end=\"1558\" \/>\n<h3 class=\"\" data-start=\"1560\" data-end=\"1578\">\ud83c\udfcd\ufe0f Repartidor<\/h3>\n<p class=\"\" data-start=\"1580\" data-end=\"1707\">Este perfil est\u00e1 pensado para usarse desde el <strong data-start=\"1626\" data-end=\"1644\">m\u00f3vil o tablet<\/strong> en la moto, coche o furgoneta. Desde aqu\u00ed el repartidor puede:<\/p>\n<ul data-start=\"1709\" data-end=\"1902\">\n<li class=\"\" data-start=\"1709\" data-end=\"1736\">\n<p class=\"\" data-start=\"1711\" data-end=\"1736\">Ver los env\u00edos asignados.<\/p>\n<\/li>\n<li class=\"\" data-start=\"1737\" data-end=\"1780\">\n<p class=\"\" data-start=\"1739\" data-end=\"1780\">Marcar cu\u00e1ndo recoge y entrega un pedido.<\/p>\n<\/li>\n<li class=\"\" data-start=\"1781\" data-end=\"1839\">\n<p class=\"\" data-start=\"1783\" data-end=\"1839\">Confirmar estados, notas, fotos o firmas si se requiere.<\/p>\n<\/li>\n<li class=\"\" data-start=\"1840\" data-end=\"1902\">\n<p class=\"\" data-start=\"1842\" data-end=\"1902\">Llevar un control de su actividad diaria, semanal y mensual.<\/p>\n<\/li>\n<\/ul>\n<hr class=\"\" data-start=\"1904\" data-end=\"1907\" \/>\n<h3 class=\"\" data-start=\"1909\" data-end=\"1947\">\ud83d\udcca Estad\u00edsticas, cuentas y gesti\u00f3n<\/h3>\n<p class=\"\" data-start=\"1949\" data-end=\"2157\">Cada perfil tiene acceso a su propio panel con gr\u00e1ficas, reportes y estados de env\u00edos. El administrador tiene una visi\u00f3n global del sistema: repartidores activos, entregas completadas, tiempos promedio y m\u00e1s.<\/p>\n<hr class=\"\" data-start=\"2159\" data-end=\"2162\" \/>\n<h3 class=\"\" data-start=\"2164\" data-end=\"2197\">\ud83c\udf10 Tecnolog\u00eda y Accesibilidad<\/h3>\n<ul data-start=\"2199\" data-end=\"2361\">\n<li class=\"\" data-start=\"2199\" data-end=\"2242\">\n<p class=\"\" data-start=\"2201\" data-end=\"2242\">100% WebApp \u2013 no necesitas instalar nada.<\/p>\n<\/li>\n<li class=\"\" data-start=\"2243\" data-end=\"2279\">\n<p class=\"\" data-start=\"2245\" data-end=\"2279\">Funciona desde PC, tablet o m\u00f3vil.<\/p>\n<\/li>\n<li class=\"\" data-start=\"2280\" data-end=\"2317\">\n<p class=\"\" data-start=\"2282\" data-end=\"2317\">Interfaz clara, r\u00e1pida y adaptable.<\/p>\n<\/li>\n<li class=\"\" data-start=\"2318\" data-end=\"2361\">\n<p class=\"\" data-start=\"2320\" data-end=\"2361\">Lista para escalar seg\u00fan tus necesidades.<\/p>\n<\/li>\n<\/ul>\n<hr class=\"\" data-start=\"2363\" data-end=\"2366\" \/>\n<h3 class=\"\" data-start=\"2368\" data-end=\"2406\">\ud83e\udde9 Personalizaci\u00f3n y Escalabilidad<\/h3>\n<p class=\"\" data-start=\"2408\" data-end=\"2477\">Cada cliente tiene necesidades distintas. Esta app puede adaptarse a:<\/p>\n<ul data-start=\"2479\" data-end=\"2605\">\n<li class=\"\" data-start=\"2479\" data-end=\"2516\">\n<p class=\"\" data-start=\"2481\" data-end=\"2516\">Nuevas funcionalidades espec\u00edficas.<\/p>\n<\/li>\n<li class=\"\" data-start=\"2517\" data-end=\"2554\">\n<p class=\"\" data-start=\"2519\" data-end=\"2554\">Dise\u00f1o personalizado para tu marca.<\/p>\n<\/li>\n<li class=\"\" data-start=\"2555\" data-end=\"2605\">\n<p class=\"\" data-start=\"2557\" data-end=\"2605\">Integraci\u00f3n con tu sistema de pedidos existente.<\/p>\n<\/li>\n<\/ul>\n<hr class=\"\" data-start=\"2607\" data-end=\"2610\" \/>\n<h3 class=\"\" data-start=\"2612\" data-end=\"2632\">\ud83e\udd1d \u00bfTe interesa?<\/h3>\n<p class=\"\" data-start=\"2634\" data-end=\"2835\">Si tienes un negocio de reparto, esta soluci\u00f3n puede ser el punto de inflexi\u00f3n que necesitas.<br data-start=\"2727\" data-end=\"2730\" \/><strong data-start=\"2730\" data-end=\"2745\">Cont\u00e1ctanos<\/strong> y hablamos personalmente de precios, posibilidades, y c\u00f3mo adaptar esta app a tu empresa.<\/p>\n<p class=\"\" data-start=\"2837\" data-end=\"2879\">\ud83d\udce9 <a href=\"https:\/\/avade.es\/index.php\/contacto\/\" target=\"_blank\" rel=\"noopener\"><em data-start=\"2840\" data-end=\"2879\">Contacta con nosotros<\/em><\/a><\/p>\n","protected":false},"excerpt":{"rendered":"<p>\ud83d\ude9a Aplicaci\u00f3n de Reparto \u2013 Avade Delivery WebApp En Avade desarrollamos soluciones digitales reales, pensadas &#8230; <a class=\"read-more\" href=\"https:\/\/avade.es\/index.php\/aplicaciones\/\">Leer m\u00e1s&#8230;<\/a><\/p>\n","protected":false},"author":1,"featured_media":0,"parent":0,"menu_order":0,"comment_status":"closed","ping_status":"closed","template":"","meta":{"iawp_total_views":32,"footnotes":""},"class_list":["post-94","page","type-page","status-publish"],"yoast_head":"<!-- This site is optimized with the Yoast SEO plugin v26.8 - https:\/\/yoast.com\/product\/yoast-seo-wordpress\/ -->\n<title>Aplicaciones - Avade<\/title>\n<meta name=\"robots\" content=\"index, follow, max-snippet:-1, max-image-preview:large, max-video-preview:-1\" \/>\n<link rel=\"canonical\" href=\"https:\/\/avade.es\/index.php\/aplicaciones\/\" \/>\n<meta property=\"og:locale\" content=\"es_ES\" \/>\n<meta property=\"og:type\" content=\"article\" \/>\n<meta property=\"og:title\" content=\"Aplicaciones - Avade\" \/>\n<meta property=\"og:description\" content=\"\ud83d\ude9a Aplicaci\u00f3n de Reparto \u2013 Avade Delivery WebApp En Avade desarrollamos soluciones digitales reales, pensadas ... Leer m\u00e1s...\" \/>\n<meta property=\"og:url\" content=\"https:\/\/avade.es\/index.php\/aplicaciones\/\" \/>\n<meta property=\"og:site_name\" content=\"Avade\" \/>\n<meta property=\"article:modified_time\" content=\"2025-04-08T12:20:49+00:00\" \/>\n<meta property=\"og:image\" content=\"https:\/\/avade.es\/wp-content\/uploads\/2025\/04\/Screenshot-from-2025-04-08-14-19-48-e1744114839526.png\" \/>\n\t<meta property=\"og:image:width\" content=\"391\" \/>\n\t<meta property=\"og:image:height\" content=\"248\" \/>\n\t<meta property=\"og:image:type\" content=\"image\/png\" \/>\n<meta name=\"twitter:card\" content=\"summary_large_image\" \/>\n<meta name=\"twitter:label1\" content=\"Tiempo de lectura\" \/>\n\t<meta name=\"twitter:data1\" content=\"2 minutos\" \/>\n<script type=\"application\/ld+json\" class=\"yoast-schema-graph\">{\"@context\":\"https:\/\/schema.org\",\"@graph\":[{\"@type\":\"WebPage\",\"@id\":\"https:\/\/avade.es\/index.php\/aplicaciones\/\",\"url\":\"https:\/\/avade.es\/index.php\/aplicaciones\/\",\"name\":\"Aplicaciones - Avade\",\"isPartOf\":{\"@id\":\"https:\/\/avade.es\/#website\"},\"primaryImageOfPage\":{\"@id\":\"https:\/\/avade.es\/index.php\/aplicaciones\/#primaryimage\"},\"image\":{\"@id\":\"https:\/\/avade.es\/index.php\/aplicaciones\/#primaryimage\"},\"thumbnailUrl\":\"http:\/\/avade.es\/wp-content\/uploads\/2025\/04\/Screenshot-from-2025-04-08-14-19-48-300x300.png\",\"datePublished\":\"2025-04-08T11:58:55+00:00\",\"dateModified\":\"2025-04-08T12:20:49+00:00\",\"breadcrumb\":{\"@id\":\"https:\/\/avade.es\/index.php\/aplicaciones\/#breadcrumb\"},\"inLanguage\":\"es\",\"potentialAction\":[{\"@type\":\"ReadAction\",\"target\":[\"https:\/\/avade.es\/index.php\/aplicaciones\/\"]}]},{\"@type\":\"ImageObject\",\"inLanguage\":\"es\",\"@id\":\"https:\/\/avade.es\/index.php\/aplicaciones\/#primaryimage\",\"url\":\"https:\/\/avade.es\/wp-content\/uploads\/2025\/04\/Screenshot-from-2025-04-08-14-19-48-e1744114839526.png\",\"contentUrl\":\"https:\/\/avade.es\/wp-content\/uploads\/2025\/04\/Screenshot-from-2025-04-08-14-19-48-e1744114839526.png\",\"width\":391,\"height\":248},{\"@type\":\"BreadcrumbList\",\"@id\":\"https:\/\/avade.es\/index.php\/aplicaciones\/#breadcrumb\",\"itemListElement\":[{\"@type\":\"ListItem\",\"position\":1,\"name\":\"Portada\",\"item\":\"https:\/\/avade.es\/\"},{\"@type\":\"ListItem\",\"position\":2,\"name\":\"Aplicaciones\"}]},{\"@type\":\"WebSite\",\"@id\":\"https:\/\/avade.es\/#website\",\"url\":\"https:\/\/avade.es\/\",\"name\":\"Avade\",\"description\":\"Servicios para Empresas y Particulares\",\"publisher\":{\"@id\":\"https:\/\/avade.es\/#organization\"},\"potentialAction\":[{\"@type\":\"SearchAction\",\"target\":{\"@type\":\"EntryPoint\",\"urlTemplate\":\"https:\/\/avade.es\/?s={search_term_string}\"},\"query-input\":{\"@type\":\"PropertyValueSpecification\",\"valueRequired\":true,\"valueName\":\"search_term_string\"}}],\"inLanguage\":\"es\"},{\"@type\":\"Organization\",\"@id\":\"https:\/\/avade.es\/#organization\",\"name\":\"Avade\",\"url\":\"https:\/\/avade.es\/\",\"logo\":{\"@type\":\"ImageObject\",\"inLanguage\":\"es\",\"@id\":\"https:\/\/avade.es\/#\/schema\/logo\/image\/\",\"url\":\"https:\/\/avade.es\/wp-content\/uploads\/2025\/04\/cropped-banner-2.png\",\"contentUrl\":\"https:\/\/avade.es\/wp-content\/uploads\/2025\/04\/cropped-banner-2.png\",\"width\":500,\"height\":100,\"caption\":\"Avade\"},\"image\":{\"@id\":\"https:\/\/avade.es\/#\/schema\/logo\/image\/\"}}]}<\/script>\n<!-- \/ Yoast SEO plugin. -->","yoast_head_json":{"title":"Aplicaciones - Avade","robots":{"index":"index","follow":"follow","max-snippet":"max-snippet:-1","max-image-preview":"max-image-preview:large","max-video-preview":"max-video-preview:-1"},"canonical":"https:\/\/avade.es\/index.php\/aplicaciones\/","og_locale":"es_ES","og_type":"article","og_title":"Aplicaciones - Avade","og_description":"\ud83d\ude9a Aplicaci\u00f3n de Reparto \u2013 Avade Delivery WebApp En Avade desarrollamos soluciones digitales reales, pensadas ... Leer m\u00e1s...","og_url":"https:\/\/avade.es\/index.php\/aplicaciones\/","og_site_name":"Avade","article_modified_time":"2025-04-08T12:20:49+00:00","og_image":[{"width":391,"height":248,"url":"https:\/\/avade.es\/wp-content\/uploads\/2025\/04\/Screenshot-from-2025-04-08-14-19-48-e1744114839526.png","type":"image\/png"}],"twitter_card":"summary_large_image","twitter_misc":{"Tiempo de lectura":"2 minutos"},"schema":{"@context":"https:\/\/schema.org","@graph":[{"@type":"WebPage","@id":"https:\/\/avade.es\/index.php\/aplicaciones\/","url":"https:\/\/avade.es\/index.php\/aplicaciones\/","name":"Aplicaciones - Avade","isPartOf":{"@id":"https:\/\/avade.es\/#website"},"primaryImageOfPage":{"@id":"https:\/\/avade.es\/index.php\/aplicaciones\/#primaryimage"},"image":{"@id":"https:\/\/avade.es\/index.php\/aplicaciones\/#primaryimage"},"thumbnailUrl":"http:\/\/avade.es\/wp-content\/uploads\/2025\/04\/Screenshot-from-2025-04-08-14-19-48-300x300.png","datePublished":"2025-04-08T11:58:55+00:00","dateModified":"2025-04-08T12:20:49+00:00","breadcrumb":{"@id":"https:\/\/avade.es\/index.php\/aplicaciones\/#breadcrumb"},"inLanguage":"es","potentialAction":[{"@type":"ReadAction","target":["https:\/\/avade.es\/index.php\/aplicaciones\/"]}]},{"@type":"ImageObject","inLanguage":"es","@id":"https:\/\/avade.es\/index.php\/aplicaciones\/#primaryimage","url":"https:\/\/avade.es\/wp-content\/uploads\/2025\/04\/Screenshot-from-2025-04-08-14-19-48-e1744114839526.png","contentUrl":"https:\/\/avade.es\/wp-content\/uploads\/2025\/04\/Screenshot-from-2025-04-08-14-19-48-e1744114839526.png","width":391,"height":248},{"@type":"BreadcrumbList","@id":"https:\/\/avade.es\/index.php\/aplicaciones\/#breadcrumb","itemListElement":[{"@type":"ListItem","position":1,"name":"Portada","item":"https:\/\/avade.es\/"},{"@type":"ListItem","position":2,"name":"Aplicaciones"}]},{"@type":"WebSite","@id":"https:\/\/avade.es\/#website","url":"https:\/\/avade.es\/","name":"Avade","description":"Servicios para Empresas y Particulares","publisher":{"@id":"https:\/\/avade.es\/#organization"},"potentialAction":[{"@type":"SearchAction","target":{"@type":"EntryPoint","urlTemplate":"https:\/\/avade.es\/?s={search_term_string}"},"query-input":{"@type":"PropertyValueSpecification","valueRequired":true,"valueName":"search_term_string"}}],"inLanguage":"es"},{"@type":"Organization","@id":"https:\/\/avade.es\/#organization","name":"Avade","url":"https:\/\/avade.es\/","logo":{"@type":"ImageObject","inLanguage":"es","@id":"https:\/\/avade.es\/#\/schema\/logo\/image\/","url":"https:\/\/avade.es\/wp-content\/uploads\/2025\/04\/cropped-banner-2.png","contentUrl":"https:\/\/avade.es\/wp-content\/uploads\/2025\/04\/cropped-banner-2.png","width":500,"height":100,"caption":"Avade"},"image":{"@id":"https:\/\/avade.es\/#\/schema\/logo\/image\/"}}]}},"_links":{"self":[{"href":"https:\/\/avade.es\/index.php\/wp-json\/wp\/v2\/pages\/94","targetHints":{"allow":["GET"]}}],"collection":[{"href":"https:\/\/avade.es\/index.php\/wp-json\/wp\/v2\/pages"}],"about":[{"href":"https:\/\/avade.es\/index.php\/wp-json\/wp\/v2\/types\/page"}],"author":[{"embeddable":true,"href":"https:\/\/avade.es\/index.php\/wp-json\/wp\/v2\/users\/1"}],"replies":[{"embeddable":true,"href":"https:\/\/avade.es\/index.php\/wp-json\/wp\/v2\/comments?post=94"}],"version-history":[{"count":3,"href":"https:\/\/avade.es\/index.php\/wp-json\/wp\/v2\/pages\/94\/revisions"}],"predecessor-version":[{"id":99,"href":"https:\/\/avade.es\/index.php\/wp-json\/wp\/v2\/pages\/94\/revisions\/99"}],"wp:attachment":[{"href":"https:\/\/avade.es\/index.php\/wp-json\/wp\/v2\/media?parent=94"}],"curies":[{"name":"wp","href":"https:\/\/api.w.org\/{rel}","templated":true}]}}